{"id":108,"date":"2023-03-29T16:45:39","date_gmt":"2023-03-29T16:45:39","guid":{"rendered":"https:\/\/www.brandenburg-bleibt-bunt.de\/?page_id=108"},"modified":"2024-09-06T02:01:58","modified_gmt":"2024-09-06T00:01:58","slug":"tourgeschichte","status":"publish","type":"page","link":"https:\/\/www.brandenburg-bleibt-bunt.de\/?page_id=108","title":{"rendered":"Die Kampagne"},"content":{"rendered":"\n<h1 class=\"wp-block-heading\">Die LesBI*Schwule T*our<\/h1>\n\n\n\n<h3 class=\"wp-block-heading\">Antidiskriminierungs- und Aufkl\u00e4rungskampagne zu LSBTIQ-Lebensweisen im Land Brandenburg<\/h3>\n\n\n\n<figure class=\"wp-block-image size-large\"><img fetchpriority=\"high\" decoding=\"async\" width=\"1024\" height=\"635\" src=\"https:\/\/www.brandenburg-bleibt-bunt.de\/wp-content\/uploads\/2023\/08\/Tourteam-1024x635.jpg\" alt=\"\" class=\"wp-image-311\" srcset=\"https:\/\/www.brandenburg-bleibt-bunt.de\/wp-content\/uploads\/2023\/08\/Tourteam-1024x635.jpg 1024w, https:\/\/www.brandenburg-bleibt-bunt.de\/wp-content\/uploads\/2023\/08\/Tourteam-300x186.jpg 300w, https:\/\/www.brandenburg-bleibt-bunt.de\/wp-content\/uploads\/2023\/08\/Tourteam-768x476.jpg 768w, https:\/\/www.brandenburg-bleibt-bunt.de\/wp-content\/uploads\/2023\/08\/Tourteam-1536x952.jpg 1536w, https:\/\/www.brandenburg-bleibt-bunt.de\/wp-content\/uploads\/2023\/08\/Tourteam.jpg 1600w\" sizes=\"(max-width: 1024px) 100vw, 1024px\" \/><\/figure>\n\n\n\n<p>Die LesBI*Schwule T*our ist ein einzigartiges Projekt in Deutschland. Wohl kaum eine Kampagne hat so nachhaltig lesbische, schwule, bisexuelle trans*, inter* und queere Lebensweisen im l\u00e4ndlichen Raum verankert.<\/p>\n\n\n\n<p><em>Aber wie hat eigentlich alles angefangen?<\/em><\/p>\n\n\n\n<p>Die LesBI*Schwule T*our war das Ergebnis einer Reihe von Versuchen und Experimenten, das Konzept CSD nach Brandenburg zu bringen. In den Jahren vor der ersten CSD-Tour gab es einmal im Jahr einen festen CSD. Mal in Cottbus, mal in Potsdam oder in Frankfurt\/Oder. Diese CSDs funktioniert auch ganz gut, nur war der Rest des Landes Brandenburg au\u00dfen vor. Gleichzeitig war klar, da\u00df die Sichtbarkeit von LSBTIQ-Lebensweisen vor allem an Orten gebraucht wird, wo auch die allt\u00e4glichen Probleme des LSBTIQ-Lebens sich abspielten. Von da war es nur noch ein kleiner Schritt bis zur ersten CSD-Tour, die 1998 ausgehend von Cottbus, \u00fcber Frankfurt, Brandenburg an der Havel und Potsdam \u00fcber die m\u00e4rkischen D\u00f6rfer tingelte und wo es ging das Regenbogenf\u00e4hnlein schwenkte. Bis 2005 fanden die CSD-Touren jeweils ihren fulminanten Abschlu\u00df auf dem Berliner CSD. Als 2006 die CSD-Tour aufgrund der Fu\u00dfball-WM und des daraufhin um einen Monat vertagten Berliner CSDs erst im Sp\u00e4tsommer stattfinden konnte, entstand ganz nebenbei die LesBI*Schwule T*our in ihrer heutigen Form. Der Weg ist das Ziel, k\u00f6nnte man meinen. Der Weg, der \u00fcber die gro\u00dfen, mittleren und kleinen St\u00e4dte f\u00fchrt und Jahr f\u00fcr Jahr das LSBTIQ-Leben in viele Landstriche bringt. Unser Ziel ist es St\u00e4dte und B\u00fcrger_innen mit dem Thema in Kontakt zu bringen und zu miteinander ins Gespr\u00e4ch zu kommen. Wir wollen einen Dialog dazu ansto\u00dfen, wie man mit sexueller und geschlechtlicher Vielfalt im l\u00e4ndlichen Raum respektvoll verfahren kann. Wir wollen, da\u00df die dort lebenden LSBTIQ-Menschen mit Mut und auch Stolz auf ihre Heimat blicken k\u00f6nnen und sich selbst einbringen.<\/p>\n\n\n\n<hr class=\"wp-block-separator has-alpha-channel-opacity\"\/>\n","protected":false},"excerpt":{"rendered":"<p>Die LesBI*Schwule T*our Antidiskriminierungs- und Aufkl\u00e4rungskampagne zu LSBTIQ-Lebensweisen im Land Brandenburg Die LesBI*Schwule T*our ist ein einzigartiges Projekt in Deutschland. Wohl kaum eine Kampagne hat so nachhaltig lesbische, schwule, bisexuelle trans*, inter* und queere Lebensweisen im l\u00e4ndlichen Raum verankert. Aber wie hat eigentlich alles angefangen? Die LesBI*Schwule T*our war das Ergebnis einer Reihe von Versuchen [&hellip;]<\/p>\n","protected":false},"author":4,"featured_media":0,"parent":0,"menu_order":0,"comment_status":"closed","ping_status":"closed","template":"","meta":{"ocean_post_layout":"","ocean_both_sidebars_style":"","ocean_both_sidebars_content_width":0,"ocean_both_sidebars_sidebars_width":0,"ocean_sidebar":"0","ocean_second_sidebar":"0","ocean_disable_margins":"enable","ocean_add_body_class":"","ocean_shortcode_before_top_bar":"","ocean_shortcode_after_top_bar":"","ocean_shortcode_before_header":"","ocean_shortcode_after_header":"","ocean_has_shortcode":"","ocean_shortcode_after_title":"","ocean_shortcode_before_footer_widgets":"","ocean_shortcode_after_footer_widgets":"","ocean_shortcode_before_footer_bottom":"","ocean_shortcode_after_footer_bottom":"","ocean_display_top_bar":"default","ocean_display_header":"default","ocean_header_style":"","ocean_center_header_left_menu":"0","ocean_custom_header_template":"0","ocean_custom_logo":0,"ocean_custom_retina_logo":0,"ocean_custom_logo_max_width":0,"ocean_custom_logo_tablet_max_width":0,"ocean_custom_logo_mobile_max_width":0,"ocean_custom_logo_max_height":0,"ocean_custom_logo_tablet_max_height":0,"ocean_custom_logo_mobile_max_height":0,"ocean_header_custom_menu":"0","ocean_menu_typo_font_family":"0","ocean_menu_typo_font_subset":"","ocean_menu_typo_font_size":0,"ocean_menu_typo_font_size_tablet":0,"ocean_menu_typo_font_size_mobile":0,"ocean_menu_typo_font_size_unit":"px","ocean_menu_typo_font_weight":"","ocean_menu_typo_font_weight_tablet":"","ocean_menu_typo_font_weight_mobile":"","ocean_menu_typo_transform":"","ocean_menu_typo_transform_tablet":"","ocean_menu_typo_transform_mobile":"","ocean_menu_typo_line_height":0,"ocean_menu_typo_line_height_tablet":0,"ocean_menu_typo_line_height_mobile":0,"ocean_menu_typo_line_height_unit":"","ocean_menu_typo_spacing":0,"ocean_menu_typo_spacing_tablet":0,"ocean_menu_typo_spacing_mobile":0,"ocean_menu_typo_spacing_unit":"","ocean_menu_link_color":"","ocean_menu_link_color_hover":"","ocean_menu_link_color_active":"","ocean_menu_link_background":"","ocean_menu_link_hover_background":"","ocean_menu_link_active_background":"","ocean_menu_social_links_bg":"","ocean_menu_social_hover_links_bg":"","ocean_menu_social_links_color":"","ocean_menu_social_hover_links_color":"","ocean_disable_title":"default","ocean_disable_heading":"default","ocean_post_title":"","ocean_post_subheading":"","ocean_post_title_style":"","ocean_post_title_background_color":"","ocean_post_title_background":0,"ocean_post_title_bg_image_position":"","ocean_post_title_bg_image_attachment":"","ocean_post_title_bg_image_repeat":"","ocean_post_title_bg_image_size":"","ocean_post_title_height":0,"ocean_post_title_bg_overlay":0.5,"ocean_post_title_bg_overlay_color":"","ocean_disable_breadcrumbs":"default","ocean_breadcrumbs_color":"","ocean_breadcrumbs_separator_color":"","ocean_breadcrumbs_links_color":"","ocean_breadcrumbs_links_hover_color":"","ocean_display_footer_widgets":"default","ocean_display_footer_bottom":"default","ocean_custom_footer_template":"0","footnotes":""},"class_list":["post-108","page","type-page","status-publish","hentry","entry"],"jetpack_sharing_enabled":true,"_links":{"self":[{"href":"https:\/\/www.brandenburg-bleibt-bunt.de\/index.php?rest_route=\/wp\/v2\/pages\/108","targetHints":{"allow":["GET"]}}],"collection":[{"href":"https:\/\/www.brandenburg-bleibt-bunt.de\/index.php?rest_route=\/wp\/v2\/pages"}],"about":[{"href":"https:\/\/www.brandenburg-bleibt-bunt.de\/index.php?rest_route=\/wp\/v2\/types\/page"}],"author":[{"embeddable":true,"href":"https:\/\/www.brandenburg-bleibt-bunt.de\/index.php?rest_route=\/wp\/v2\/users\/4"}],"replies":[{"embeddable":true,"href":"https:\/\/www.brandenburg-bleibt-bunt.de\/index.php?rest_route=%2Fwp%2Fv2%2Fcomments&post=108"}],"version-history":[{"count":5,"href":"https:\/\/www.brandenburg-bleibt-bunt.de\/index.php?rest_route=\/wp\/v2\/pages\/108\/revisions"}],"predecessor-version":[{"id":684,"href":"https:\/\/www.brandenburg-bleibt-bunt.de\/index.php?rest_route=\/wp\/v2\/pages\/108\/revisions\/684"}],"wp:attachment":[{"href":"https:\/\/www.brandenburg-bleibt-bunt.de\/index.php?rest_route=%2Fwp%2Fv2%2Fmedia&parent=108"}],"curies":[{"name":"wp","href":"https:\/\/api.w.org\/{rel}","templated":true}]}}