{"id":279,"date":"2023-08-22T18:47:04","date_gmt":"2023-08-22T16:47:04","guid":{"rendered":"https:\/\/www.brandenburg-bleibt-bunt.de\/?page_id=279"},"modified":"2024-09-06T01:35:16","modified_gmt":"2024-09-05T23:35:16","slug":"06-09-werneuchen","status":"publish","type":"page","link":"https:\/\/www.brandenburg-bleibt-bunt.de\/?page_id=279","title":{"rendered":"11.09. &#8211; Lychen"},"content":{"rendered":"\n<h1 class=\"wp-block-heading\">Lychen<\/h1>\n\n\n\n<figure class=\"wp-block-image size-large\"><img fetchpriority=\"high\" decoding=\"async\" width=\"1024\" height=\"536\" src=\"https:\/\/www.brandenburg-bleibt-bunt.de\/wp-content\/uploads\/2024\/09\/FB-Lychen-1024x536.png\" alt=\"\" class=\"wp-image-659\" srcset=\"https:\/\/www.brandenburg-bleibt-bunt.de\/wp-content\/uploads\/2024\/09\/FB-Lychen-1024x536.png 1024w, https:\/\/www.brandenburg-bleibt-bunt.de\/wp-content\/uploads\/2024\/09\/FB-Lychen-300x157.png 300w, https:\/\/www.brandenburg-bleibt-bunt.de\/wp-content\/uploads\/2024\/09\/FB-Lychen-768x402.png 768w, https:\/\/www.brandenburg-bleibt-bunt.de\/wp-content\/uploads\/2024\/09\/FB-Lychen.png 1200w\" sizes=\"(max-width: 1024px) 100vw, 1024px\" \/><\/figure>\n\n\n\n<p>Die LesBI*Schwule T*our auf ihrer Route durch den Landkreis Uckermark macht Halt in Lychen am 11. September. Besuchen Sie uns am Informationsstand am Marktplatz zwischen 10 und 16 Uhr. Gegen 11:00 Uhr findet die Hissung der Regenbogenfahne am Rathaus der Stadt Lychen statt.<\/p>\n\n\n\n<h1 class=\"wp-block-heading\">Termine<\/h1>\n\n\n\n<p><strong>Infostand<\/strong><br>Mittwoch, 11.September 2024, 10.00 &#8211; 16.00 Uhr<br>Wochenmarkt Lychen<\/p>\n\n\n\n<p>Wir bauen unseren Infostand auf und kommen dort gern mit euch ins Gespr\u00e4ch!<\/p>\n\n\n\n<hr class=\"wp-block-separator has-alpha-channel-opacity\"\/>\n\n\n\n<p><strong>Flaggenhissung<\/strong><br>Mittwoch, 11. September 2024, 11.00 Uhr<br>Rathaus Lychen<\/p>\n\n\n\n<p>Wir hissen gemeinsam mit Vertreter*innen der Stadt die Regenbogenflagge beim Rathaus.<\/p>\n\n\n\n<hr class=\"wp-block-separator has-alpha-channel-opacity\"\/>\n\n\n\n<p><strong>Queere Beratung f\u00fcr Queers &#8217;n&#8216; Friends in Prenzlau<\/strong><br>Mittwoch, 11. September 2024, 14.00 &#8211; 18.00 Uhr<br>Haus der Familie Prenzlau, Georg-Dreke-Ring 58A, 17291 Prenzlau<\/p>\n\n\n\n<figure class=\"wp-block-image size-large\"><img decoding=\"async\" width=\"1024\" height=\"536\" src=\"https:\/\/www.brandenburg-bleibt-bunt.de\/wp-content\/uploads\/2024\/09\/FB-QB-Prenzlau-1024x536.png\" alt=\"\" class=\"wp-image-665\" srcset=\"https:\/\/www.brandenburg-bleibt-bunt.de\/wp-content\/uploads\/2024\/09\/FB-QB-Prenzlau-1024x536.png 1024w, https:\/\/www.brandenburg-bleibt-bunt.de\/wp-content\/uploads\/2024\/09\/FB-QB-Prenzlau-300x157.png 300w, https:\/\/www.brandenburg-bleibt-bunt.de\/wp-content\/uploads\/2024\/09\/FB-QB-Prenzlau-768x402.png 768w, https:\/\/www.brandenburg-bleibt-bunt.de\/wp-content\/uploads\/2024\/09\/FB-QB-Prenzlau.png 1200w\" sizes=\"(max-width: 1024px) 100vw, 1024px\" \/><\/figure>\n\n\n\n<p>Im Rahmen der LesBI<em>Schwulen T<\/em>our 2024 bieten Berater_innen des Regenbogenkombinats Brandenburg Beratung zu Themen wie Liebe, Beziehung, Coming-Out, Elternhaus, Diskriminierung, sexuelle Gesundheit uvm. an. Die Beratung ist auch offen f\u00fcr Eltern, Angeh\u00f6rige und Freund_innen. <strong>Eine Terminvereinbarung ist nicht erforderlich. Einfach hinkommen und drankommen.<\/strong><\/p>\n\n\n\n<hr class=\"wp-block-separator has-alpha-channel-opacity\"\/>\n\n\n\n<p><strong>Queer Gesehen! Brandenburg bleibt bunt!<\/strong><br>Mittwoch, 11. September 2024, 17.00 &#8211; 20.30 Uhr<br>Jugendkella, Martin-Luther-Stra\u00dfe 7, 17268 Templin<\/p>\n\n\n\n<figure class=\"wp-block-image size-large\"><img decoding=\"async\" width=\"1024\" height=\"536\" src=\"https:\/\/www.brandenburg-bleibt-bunt.de\/wp-content\/uploads\/2024\/09\/FB-KINO-Templin-1024x536.png\" alt=\"\" class=\"wp-image-657\" srcset=\"https:\/\/www.brandenburg-bleibt-bunt.de\/wp-content\/uploads\/2024\/09\/FB-KINO-Templin-1024x536.png 1024w, https:\/\/www.brandenburg-bleibt-bunt.de\/wp-content\/uploads\/2024\/09\/FB-KINO-Templin-300x157.png 300w, https:\/\/www.brandenburg-bleibt-bunt.de\/wp-content\/uploads\/2024\/09\/FB-KINO-Templin-768x402.png 768w, https:\/\/www.brandenburg-bleibt-bunt.de\/wp-content\/uploads\/2024\/09\/FB-KINO-Templin.png 1200w\" sizes=\"(max-width: 1024px) 100vw, 1024px\" \/><\/figure>\n\n\n\n<p>Brandenburg bleibt bunt! So lautet das Motto der LesBI*Schwulen T*our, die seit 1998 Jahr f\u00fcr Jahr in Brandenburg im Dienste von Akzeptanz sexueller und geschlechtlicher Vielfalt unterwegs. In der Tat ist das Projekt deutschlandweit einzigartig. Zum 15j\u00e4hrigen Jubil\u00e4um entstand der Dokumentarfilm zur Tour, der die jungen Aktivist_innen auf der Route durch Teltow-Fl\u00e4ming und Elbe-Elster begleitete und mehr als einen Blick in die Anf\u00e4nge LesBiSchwuler Arbeit im Land Brandenburg wirft. Nach der Filmvorf\u00fchrung stehen Euch Aktivist_innen der LesBiSchwulen T*our im Rahmen einer interessanten Diskussionsrunde Rede und Antwort. Wir freuen uns auf Euren Besuch.<\/p>\n\n\n\n<p><mark style=\"background-color:rgba(0, 0, 0, 0)\" class=\"has-inline-color has-vivid-red-color\">(Bitte beachten Sie, da\u00df diese Veranstaltung in einem Jugendklub stattfinden und sich nur an Jugendliche und junge Erwachsene bis 27 Jahren richtet)<\/mark><\/p>\n\n\n\n<hr class=\"wp-block-separator has-alpha-channel-opacity\"\/>\n\n\n\n<p>Die Termin\u00fcbersicht wird bis zum Veranstaltungstag fortlaufend erg\u00e4nzt und aktualisiert. <\/p>\n","protected":false},"excerpt":{"rendered":"<p>Lychen Die LesBI*Schwule T*our auf ihrer Route durch den Landkreis Uckermark macht Halt in Lychen am 11. September. Besuchen Sie uns am Informationsstand am Marktplatz zwischen 10 und 16 Uhr. Gegen 11:00 Uhr findet die Hissung der Regenbogenfahne am Rathaus der Stadt Lychen statt. Termine InfostandMittwoch, 11.September 2024, 10.00 &#8211; 16.00 UhrWochenmarkt Lychen Wir bauen [&hellip;]<\/p>\n","protected":false},"author":3,"featured_media":277,"parent":91,"menu_order":0,"comment_status":"closed","ping_status":"closed","template":"","meta":{"ocean_post_layout":"","ocean_both_sidebars_style":"","ocean_both_sidebars_content_width":0,"ocean_both_sidebars_sidebars_width":0,"ocean_sidebar":"0","ocean_second_sidebar":"0","ocean_disable_margins":"enable","ocean_add_body_class":"","ocean_shortcode_before_top_bar":"","ocean_shortcode_after_top_bar":"","ocean_shortcode_before_header":"","ocean_shortcode_after_header":"","ocean_has_shortcode":"","ocean_shortcode_after_title":"","ocean_shortcode_before_footer_widgets":"","ocean_shortcode_after_footer_widgets":"","ocean_shortcode_before_footer_bottom":"","ocean_shortcode_after_footer_bottom":"","ocean_display_top_bar":"default","ocean_display_header":"default","ocean_header_style":"","ocean_center_header_left_menu":"0","ocean_custom_header_template":"0","ocean_custom_logo":0,"ocean_custom_retina_logo":0,"ocean_custom_logo_max_width":0,"ocean_custom_logo_tablet_max_width":0,"ocean_custom_logo_mobile_max_width":0,"ocean_custom_logo_max_height":0,"ocean_custom_logo_tablet_max_height":0,"ocean_custom_logo_mobile_max_height":0,"ocean_header_custom_menu":"0","ocean_menu_typo_font_family":"0","ocean_menu_typo_font_subset":"","ocean_menu_typo_font_size":0,"ocean_menu_typo_font_size_tablet":0,"ocean_menu_typo_font_size_mobile":0,"ocean_menu_typo_font_size_unit":"px","ocean_menu_typo_font_weight":"","ocean_menu_typo_font_weight_tablet":"","ocean_menu_typo_font_weight_mobile":"","ocean_menu_typo_transform":"","ocean_menu_typo_transform_tablet":"","ocean_menu_typo_transform_mobile":"","ocean_menu_typo_line_height":0,"ocean_menu_typo_line_height_tablet":0,"ocean_menu_typo_line_height_mobile":0,"ocean_menu_typo_line_height_unit":"","ocean_menu_typo_spacing":0,"ocean_menu_typo_spacing_tablet":0,"ocean_menu_typo_spacing_mobile":0,"ocean_menu_typo_spacing_unit":"","ocean_menu_link_color":"","ocean_menu_link_color_hover":"","ocean_menu_link_color_active":"","ocean_menu_link_background":"","ocean_menu_link_hover_background":"","ocean_menu_link_active_background":"","ocean_menu_social_links_bg":"","ocean_menu_social_hover_links_bg":"","ocean_menu_social_links_color":"","ocean_menu_social_hover_links_color":"","ocean_disable_title":"default","ocean_disable_heading":"default","ocean_post_title":"","ocean_post_subheading":"","ocean_post_title_style":"","ocean_post_title_background_color":"","ocean_post_title_background":0,"ocean_post_title_bg_image_position":"","ocean_post_title_bg_image_attachment":"","ocean_post_title_bg_image_repeat":"","ocean_post_title_bg_image_size":"","ocean_post_title_height":0,"ocean_post_title_bg_overlay":0.5,"ocean_post_title_bg_overlay_color":"","ocean_disable_breadcrumbs":"default","ocean_breadcrumbs_color":"","ocean_breadcrumbs_separator_color":"","ocean_breadcrumbs_links_color":"","ocean_breadcrumbs_links_hover_color":"","ocean_display_footer_widgets":"default","ocean_display_footer_bottom":"default","ocean_custom_footer_template":"0","footnotes":""},"class_list":["post-279","page","type-page","status-publish","has-post-thumbnail","hentry","entry","has-media"],"jetpack_sharing_enabled":true,"_links":{"self":[{"href":"https:\/\/www.brandenburg-bleibt-bunt.de\/index.php?rest_route=\/wp\/v2\/pages\/279","targetHints":{"allow":["GET"]}}],"collection":[{"href":"https:\/\/www.brandenburg-bleibt-bunt.de\/index.php?rest_route=\/wp\/v2\/pages"}],"about":[{"href":"https:\/\/www.brandenburg-bleibt-bunt.de\/index.php?rest_route=\/wp\/v2\/types\/page"}],"author":[{"embeddable":true,"href":"https:\/\/www.brandenburg-bleibt-bunt.de\/index.php?rest_route=\/wp\/v2\/users\/3"}],"replies":[{"embeddable":true,"href":"https:\/\/www.brandenburg-bleibt-bunt.de\/index.php?rest_route=%2Fwp%2Fv2%2Fcomments&post=279"}],"version-history":[{"count":10,"href":"https:\/\/www.brandenburg-bleibt-bunt.de\/index.php?rest_route=\/wp\/v2\/pages\/279\/revisions"}],"predecessor-version":[{"id":666,"href":"https:\/\/www.brandenburg-bleibt-bunt.de\/index.php?rest_route=\/wp\/v2\/pages\/279\/revisions\/666"}],"up":[{"embeddable":true,"href":"https:\/\/www.brandenburg-bleibt-bunt.de\/index.php?rest_route=\/wp\/v2\/pages\/91"}],"wp:featuredmedia":[{"embeddable":true,"href":"https:\/\/www.brandenburg-bleibt-bunt.de\/index.php?rest_route=\/wp\/v2\/media\/277"}],"wp:attachment":[{"href":"https:\/\/www.brandenburg-bleibt-bunt.de\/index.php?rest_route=%2Fwp%2Fv2%2Fmedia&parent=279"}],"curies":[{"name":"wp","href":"https:\/\/api.w.org\/{rel}","templated":true}]}}

<h1 class="wp-block-heading">Lychen</h1>



<figure class="wp-block-image size-large"><img fetchpriority="high" decoding="async" width="1024" height="536" src="https://www.brandenburg-bleibt-bunt.de/wp-content/uploads/2024/09/FB-Lychen-1024x536.png" alt="" class="wp-image-659" srcset="https://www.brandenburg-bleibt-bunt.de/wp-content/uploads/2024/09/FB-Lychen-1024x536.png 1024w, https://www.brandenburg-bleibt-bunt.de/wp-content/uploads/2024/09/FB-Lychen-300x157.png 300w, https://www.brandenburg-bleibt-bunt.de/wp-content/uploads/2024/09/FB-Lychen-768x402.png 768w, https://www.brandenburg-bleibt-bunt.de/wp-content/uploads/2024/09/FB-Lychen.png 1200w" sizes="(max-width: 1024px) 100vw, 1024px" /></figure>



<p>Die LesBI*Schwule T*our auf ihrer Route durch den Landkreis Uckermark macht Halt in Lychen am 11. September. Besuchen Sie uns am Informationsstand am Marktplatz zwischen 10 und 16 Uhr. Gegen 11:00 Uhr findet die Hissung der Regenbogenfahne am Rathaus der Stadt Lychen statt.</p>



<h1 class="wp-block-heading">Termine</h1>



<p><strong>Infostand</strong><br>Mittwoch, 11.September 2024, 10.00 &#8211; 16.00 Uhr<br>Wochenmarkt Lychen</p>



<p>Wir bauen unseren Infostand auf und kommen dort gern mit euch ins Gespräch!</p>



<hr class="wp-block-separator has-alpha-channel-opacity"/>



<p><strong>Flaggenhissung</strong><br>Mittwoch, 11. September 2024, 11.00 Uhr<br>Rathaus Lychen</p>



<p>Wir hissen gemeinsam mit Vertreter*innen der Stadt die Regenbogenflagge beim Rathaus.</p>



<hr class="wp-block-separator has-alpha-channel-opacity"/>



<p><strong>Queere Beratung für Queers &#8217;n&#8216; Friends in Prenzlau</strong><br>Mittwoch, 11. September 2024, 14.00 &#8211; 18.00 Uhr<br>Haus der Familie Prenzlau, Georg-Dreke-Ring 58A, 17291 Prenzlau</p>



<figure class="wp-block-image size-large"><img decoding="async" width="1024" height="536" src="https://www.brandenburg-bleibt-bunt.de/wp-content/uploads/2024/09/FB-QB-Prenzlau-1024x536.png" alt="" class="wp-image-665" srcset="https://www.brandenburg-bleibt-bunt.de/wp-content/uploads/2024/09/FB-QB-Prenzlau-1024x536.png 1024w, https://www.brandenburg-bleibt-bunt.de/wp-content/uploads/2024/09/FB-QB-Prenzlau-300x157.png 300w, https://www.brandenburg-bleibt-bunt.de/wp-content/uploads/2024/09/FB-QB-Prenzlau-768x402.png 768w, https://www.brandenburg-bleibt-bunt.de/wp-content/uploads/2024/09/FB-QB-Prenzlau.png 1200w" sizes="(max-width: 1024px) 100vw, 1024px" /></figure>



<p>Im Rahmen der LesBI<em>Schwulen T</em>our 2024 bieten Berater_innen des Regenbogenkombinats Brandenburg Beratung zu Themen wie Liebe, Beziehung, Coming-Out, Elternhaus, Diskriminierung, sexuelle Gesundheit uvm. an. Die Beratung ist auch offen für Eltern, Angehörige und Freund_innen. <strong>Eine Terminvereinbarung ist nicht erforderlich. Einfach hinkommen und drankommen.</strong></p>



<hr class="wp-block-separator has-alpha-channel-opacity"/>



<p><strong>Queer Gesehen! Brandenburg bleibt bunt!</strong><br>Mittwoch, 11. September 2024, 17.00 &#8211; 20.30 Uhr<br>Jugendkella, Martin-Luther-Straße 7, 17268 Templin</p>



<figure class="wp-block-image size-large"><img decoding="async" width="1024" height="536" src="https://www.brandenburg-bleibt-bunt.de/wp-content/uploads/2024/09/FB-KINO-Templin-1024x536.png" alt="" class="wp-image-657" srcset="https://www.brandenburg-bleibt-bunt.de/wp-content/uploads/2024/09/FB-KINO-Templin-1024x536.png 1024w, https://www.brandenburg-bleibt-bunt.de/wp-content/uploads/2024/09/FB-KINO-Templin-300x157.png 300w, https://www.brandenburg-bleibt-bunt.de/wp-content/uploads/2024/09/FB-KINO-Templin-768x402.png 768w, https://www.brandenburg-bleibt-bunt.de/wp-content/uploads/2024/09/FB-KINO-Templin.png 1200w" sizes="(max-width: 1024px) 100vw, 1024px" /></figure>



<p>Brandenburg bleibt bunt! So lautet das Motto der LesBI*Schwulen T*our, die seit 1998 Jahr für Jahr in Brandenburg im Dienste von Akzeptanz sexueller und geschlechtlicher Vielfalt unterwegs. In der Tat ist das Projekt deutschlandweit einzigartig. Zum 15jährigen Jubiläum entstand der Dokumentarfilm zur Tour, der die jungen Aktivist_innen auf der Route durch Teltow-Fläming und Elbe-Elster begleitete und mehr als einen Blick in die Anfänge LesBiSchwuler Arbeit im Land Brandenburg wirft. Nach der Filmvorführung stehen Euch Aktivist_innen der LesBiSchwulen T*our im Rahmen einer interessanten Diskussionsrunde Rede und Antwort. Wir freuen uns auf Euren Besuch.</p>



<p><mark style="background-color:rgba(0, 0, 0, 0)" class="has-inline-color has-vivid-red-color">(Bitte beachten Sie, daß diese Veranstaltung in einem Jugendklub stattfinden und sich nur an Jugendliche und junge Erwachsene bis 27 Jahren richtet)</mark></p>



<hr class="wp-block-separator has-alpha-channel-opacity"/>



<p>Die Terminübersicht wird bis zum Veranstaltungstag fortlaufend ergänzt und aktualisiert. </p>
