{"id":347,"date":"2023-08-23T18:18:30","date_gmt":"2023-08-23T16:18:30","guid":{"rendered":"https:\/\/www.brandenburg-bleibt-bunt.de\/?page_id=347"},"modified":"2023-09-01T08:45:29","modified_gmt":"2023-09-01T06:45:29","slug":"heinz-westphal-preis","status":"publish","type":"page","link":"https:\/\/www.brandenburg-bleibt-bunt.de\/?page_id=347","title":{"rendered":"Heinz-Westphal-Preis"},"content":{"rendered":"\n<h1 class=\"wp-block-heading\">Heinz-Westphal-Preis 2009<\/h1>\n\n\n\n<p><img decoding=\"async\" width=\"250\" height=\"141\" class=\"wp-image-348\" style=\"width: 250px;\" src=\"https:\/\/www.brandenburg-bleibt-bunt.de\/wp-content\/uploads\/2023\/08\/Heinz-Westphal-Preis.png\" alt=\"\"><\/p>\n\n\n\n<p>Die LesBI*Schwule T*our im Land Brandenburg, ist ein einzigartiges Projekt. Junge Lesben, Schwule, Bisexuelle, Trans*, Inter* und queere Menschen touren einmal im Jahr f\u00fcr eine Woche durchs verschiedene Regionen Brandenburgs im Dienste der Aufkl\u00e4rung und Antidiskriminierungsarbeit. Die LesBI*Schwule T*our macht Spa\u00df, denn immer wieder trifft man Menschen an, die sich freuen, da\u00df&nbsp; auch in ihrer Stadt f\u00fcr einen Tag der Regenbogen scheint und signalisiert: Auch hier sind Lesben, Schwule, Bisexuelle Trans*, Inter* und Queere Menschen willkommen. F\u00fcrwahr, es ist nicht immer leichte Kost, die das Tourteam serviert bekommt. Neben vielen ermutigenden und positiven Reaktionen auf die Akzeptanzkampagne, f\u00e4hrt h\u00e4ufig auch Ungewi\u00dfheit und sogar Angst mit, denn leider gibt es auch P\u00f6beleien und offene Anfeindungen bis hin zu \u00dcbergriffen. Darauf wird jede_r Tourteilnehmer_in vorbereitet und darin liegt auch die St\u00e4rke der LesBI*Schwulen T*our, die immer wieder grade auch in die Regionen f\u00fchrt, die man ansonsten eher als No-Go-Areas aus den Medien kennt.<\/p>\n\n\n\n<figure class=\"wp-block-video\"><video height=\"574\" style=\"aspect-ratio: 720 \/ 574;\" width=\"720\" controls src=\"https:\/\/www.brandenburg-bleibt-bunt.de\/wp-content\/uploads\/2023\/09\/HWP.mp4\"><\/video><\/figure>\n\n\n\n<p>Aus diesem Grund und weil die LesBI*Schwule T*our ein durch und durch ehrenamtliches und f\u00fcr&nbsp;den Landesverband AndersARTiG sowie das Jugendnetzwerk Lambda Berlin-Brandenburg&nbsp;hervorragendes Kooperationsprojekt ist, haben wir den 2. Platz beim&nbsp;Heinz-Westphal-Preis&nbsp;erhalten, der mit insgesamt&nbsp;5.000,- EUR dotiert ist.&nbsp;&nbsp;<\/p>\n\n\n\n<p>Ohne das beherzte Zupacken von jungen Ehrenamtlichen w\u00fcrden wichtige Bereiche unserer Gesellschaft Rost ansetzen. Vor allem&nbsp;junge Menschen&nbsp;halten viele Organisationen und Verb\u00e4nde mit ihrem Engagement in Bewegung. Ob im sozialen Bereich, der Politik, der Kultur oder im Sport: Junge Leute sorgen f\u00fcr frischen Wind. Sie helfen der Gesellschaft, immer am Puls der Zeit zu sein. Denn nur durch junge Impulse und den Austausch zwischen den Generationen kann die ehrenamtliche Arbeit lebendig bleiben.<\/p>\n\n\n\n<p>Da\u00df die LesBI*Schwule T*our 2009 den Heinz-Westphal-Preis gewonnen hat, erf\u00fcllt uns mit Stolz und Freude und motiviert uns, weiter dran zu bleiben und uns weiterhin f\u00fcr Gleichberechtigung, Akzeptanz und gegenseitigen Respekt einzusetzen. Es ist f\u00fcr uns eine Ehre und Anerkennung unseres Engagements, die uns der Deutsche Bundesjugendring und das Bundesministerium f\u00fcr Familie, Senioren, Frauen und Jugend zuteil werden l\u00e4\u00dft.<br><br>Gleichfalls m\u00f6chten wir die Gelegenheit nutzen, uns bei allen F\u00f6rderern der LesBI*Schwulen T*our danken. Dem Ministerium f\u00fcr Arbeit, Soziales, Gesundheit, Frauen und Familie des Landes Brandenburg ebenso wie Thomas Hermanns, Showmaster denn ohne die bisherige F\u00f6rderung und Unterst\u00fctzung g\u00e4be es diese LesBI*Schwule T*our gar nicht.<\/p>\n\n\n\n<div class=\"wp-block-buttons is-layout-flex wp-block-buttons-is-layout-flex\">\n<div class=\"wp-block-button is-style-fill\"><a class=\"wp-block-button__link wp-element-button\" href=\"http:\/\/www.heinz-westphal-preis.de\/\" target=\"_blank\" rel=\"noreferrer noopener\">Weitere Informationen<\/a><\/div>\n<\/div>\n\n\n\n<hr class=\"wp-block-separator has-alpha-channel-opacity\"\/>\n","protected":false},"excerpt":{"rendered":"<p>Heinz-Westphal-Preis 2009 Die LesBI*Schwule T*our im Land Brandenburg, ist ein einzigartiges Projekt. Junge Lesben, Schwule, Bisexuelle, Trans*, Inter* und queere Menschen touren einmal im Jahr f\u00fcr eine Woche durchs verschiedene Regionen Brandenburgs im Dienste der Aufkl\u00e4rung und Antidiskriminierungsarbeit. Die LesBI*Schwule T*our macht Spa\u00df, denn immer wieder trifft man Menschen an, die sich freuen, da\u00df&nbsp; auch [&hellip;]<\/p>\n","protected":false},"author":3,"featured_media":0,"parent":108,"menu_order":0,"comment_status":"closed","ping_status":"closed","template":"","meta":{"ocean_post_layout":"","ocean_both_sidebars_style":"","ocean_both_sidebars_content_width":0,"ocean_both_sidebars_sidebars_width":0,"ocean_sidebar":"0","ocean_second_sidebar":"0","ocean_disable_margins":"enable","ocean_add_body_class":"","ocean_shortcode_before_top_bar":"","ocean_shortcode_after_top_bar":"","ocean_shortcode_before_header":"","ocean_shortcode_after_header":"","ocean_has_shortcode":"","ocean_shortcode_after_title":"","ocean_shortcode_before_footer_widgets":"","ocean_shortcode_after_footer_widgets":"","ocean_shortcode_before_footer_bottom":"","ocean_shortcode_after_footer_bottom":"","ocean_display_top_bar":"default","ocean_display_header":"default","ocean_header_style":"","ocean_center_header_left_menu":"0","ocean_custom_header_template":"0","ocean_custom_logo":0,"ocean_custom_retina_logo":0,"ocean_custom_logo_max_width":0,"ocean_custom_logo_tablet_max_width":0,"ocean_custom_logo_mobile_max_width":0,"ocean_custom_logo_max_height":0,"ocean_custom_logo_tablet_max_height":0,"ocean_custom_logo_mobile_max_height":0,"ocean_header_custom_menu":"0","ocean_menu_typo_font_family":"0","ocean_menu_typo_font_subset":"","ocean_menu_typo_font_size":0,"ocean_menu_typo_font_size_tablet":0,"ocean_menu_typo_font_size_mobile":0,"ocean_menu_typo_font_size_unit":"px","ocean_menu_typo_font_weight":"","ocean_menu_typo_font_weight_tablet":"","ocean_menu_typo_font_weight_mobile":"","ocean_menu_typo_transform":"","ocean_menu_typo_transform_tablet":"","ocean_menu_typo_transform_mobile":"","ocean_menu_typo_line_height":0,"ocean_menu_typo_line_height_tablet":0,"ocean_menu_typo_line_height_mobile":0,"ocean_menu_typo_line_height_unit":"","ocean_menu_typo_spacing":0,"ocean_menu_typo_spacing_tablet":0,"ocean_menu_typo_spacing_mobile":0,"ocean_menu_typo_spacing_unit":"","ocean_menu_link_color":"","ocean_menu_link_color_hover":"","ocean_menu_link_color_active":"","ocean_menu_link_background":"","ocean_menu_link_hover_background":"","ocean_menu_link_active_background":"","ocean_menu_social_links_bg":"","ocean_menu_social_hover_links_bg":"","ocean_menu_social_links_color":"","ocean_menu_social_hover_links_color":"","ocean_disable_title":"default","ocean_disable_heading":"default","ocean_post_title":"","ocean_post_subheading":"","ocean_post_title_style":"","ocean_post_title_background_color":"","ocean_post_title_background":0,"ocean_post_title_bg_image_position":"","ocean_post_title_bg_image_attachment":"","ocean_post_title_bg_image_repeat":"","ocean_post_title_bg_image_size":"","ocean_post_title_height":0,"ocean_post_title_bg_overlay":0.5,"ocean_post_title_bg_overlay_color":"","ocean_disable_breadcrumbs":"default","ocean_breadcrumbs_color":"","ocean_breadcrumbs_separator_color":"","ocean_breadcrumbs_links_color":"","ocean_breadcrumbs_links_hover_color":"","ocean_display_footer_widgets":"default","ocean_display_footer_bottom":"default","ocean_custom_footer_template":"0","footnotes":""},"class_list":["post-347","page","type-page","status-publish","hentry","entry"],"jetpack_sharing_enabled":true,"_links":{"self":[{"href":"https:\/\/www.brandenburg-bleibt-bunt.de\/index.php?rest_route=\/wp\/v2\/pages\/347","targetHints":{"allow":["GET"]}}],"collection":[{"href":"https:\/\/www.brandenburg-bleibt-bunt.de\/index.php?rest_route=\/wp\/v2\/pages"}],"about":[{"href":"https:\/\/www.brandenburg-bleibt-bunt.de\/index.php?rest_route=\/wp\/v2\/types\/page"}],"author":[{"embeddable":true,"href":"https:\/\/www.brandenburg-bleibt-bunt.de\/index.php?rest_route=\/wp\/v2\/users\/3"}],"replies":[{"embeddable":true,"href":"https:\/\/www.brandenburg-bleibt-bunt.de\/index.php?rest_route=%2Fwp%2Fv2%2Fcomments&post=347"}],"version-history":[{"count":6,"href":"https:\/\/www.brandenburg-bleibt-bunt.de\/index.php?rest_route=\/wp\/v2\/pages\/347\/revisions"}],"predecessor-version":[{"id":420,"href":"https:\/\/www.brandenburg-bleibt-bunt.de\/index.php?rest_route=\/wp\/v2\/pages\/347\/revisions\/420"}],"up":[{"embeddable":true,"href":"https:\/\/www.brandenburg-bleibt-bunt.de\/index.php?rest_route=\/wp\/v2\/pages\/108"}],"wp:attachment":[{"href":"https:\/\/www.brandenburg-bleibt-bunt.de\/index.php?rest_route=%2Fwp%2Fv2%2Fmedia&parent=347"}],"curies":[{"name":"wp","href":"https:\/\/api.w.org\/{rel}","templated":true}]}}