{"id":46,"date":"2023-03-29T12:53:21","date_gmt":"2023-03-29T12:53:21","guid":{"rendered":"https:\/\/www.brandenburg-bleibt-bunt.de\/?page_id=46"},"modified":"2023-08-23T18:49:05","modified_gmt":"2023-08-23T16:49:05","slug":"ueber-uns","status":"publish","type":"page","link":"https:\/\/www.brandenburg-bleibt-bunt.de\/?page_id=46","title":{"rendered":"Kernaufgaben"},"content":{"rendered":"\n<h1 class=\"wp-block-heading\">Kernaufgaben der LesBI*Schwulen T*our<\/h1>\n\n\n\n<h2 class=\"wp-block-heading\">Sichtbarkeit<\/h2>\n\n\n\n<h4 class=\"wp-block-heading\">Die Regenbogenflagge \u2013 Ein Zeichen f\u00fcr Vielfalt und St\u00e4rke<\/h4>\n\n\n\n<div class=\"wp-block-columns are-vertically-aligned-center is-layout-flex wp-container-core-columns-is-layout-9d6595d7 wp-block-columns-is-layout-flex\">\n<div class=\"wp-block-column is-layout-flow wp-block-column-is-layout-flow\" style=\"flex-basis:33.33%\">\n<figure class=\"wp-block-image size-full\"><img fetchpriority=\"high\" decoding=\"async\" width=\"710\" height=\"946\" src=\"https:\/\/www.brandenburg-bleibt-bunt.de\/wp-content\/uploads\/2023\/08\/Regenbogenflagge.jpg\" alt=\"\" class=\"wp-image-334\" style=\"aspect-ratio:3\/4;object-fit:contain\" srcset=\"https:\/\/www.brandenburg-bleibt-bunt.de\/wp-content\/uploads\/2023\/08\/Regenbogenflagge.jpg 710w, https:\/\/www.brandenburg-bleibt-bunt.de\/wp-content\/uploads\/2023\/08\/Regenbogenflagge-225x300.jpg 225w\" sizes=\"(max-width: 710px) 100vw, 710px\" \/><\/figure>\n<\/div>\n\n\n\n<div class=\"wp-block-column is-layout-flow wp-block-column-is-layout-flow\" style=\"flex-basis:66.66%\">\n<p>Zu einer guten Tradition ist es geworden, da\u00df wir auf unserer Tour in jeder Stadt, die wir ansteuern, die Regenbogenflagge hissen. Sie ist das Erkennungszeichen f\u00fcr Lesben, Schwule, Bisexuelle, Trans*, Inter und Queere Menschen in aller Welt und verhei\u00dft Vielfalt und St\u00e4rke unserer Emanzipationsbewegung. Die Flagge wird meistens zusammen mit dem_der B\u00fcrgermeister_in der jeweiligen Stadt gehi\u00dft. Damit setzen auch die St\u00e4dte in Brandenburg ein Zeichen und signalisieren, da\u00df LSBTIQ-Menschen bei ihnen willkommen sind. Das ist leider nicht \u00fcberall so.&nbsp;2008 hat beispielsweise die Stadt Prenzlau in der Uckermark, 2009 die Stadt&nbsp;Rheinsberg im Kreis&nbsp;Ostprignitz-Ruppin, 2011 die Stadt Guben&nbsp;im Spree-Nei\u00dfe-Kreis&nbsp;das Hissen der Fahne abgelehnt. 2016 geh\u00f6rte Senftenberg zu den St\u00e4dten die sich nicht bereitfinden und 2018 reiht sich Nauen in diese Liste mit ein. Die&nbsp;meisten Tourst\u00e4dte haben es hingegen als&nbsp;Chance begriffen sich ihren LSBTIQ-Mitb\u00fcrger_innen erkenntlich zu zeigen. Dies zeigt auch wie wichtig nach wie vor Aufkl\u00e4rung und Information \u00fcber die Vielfalt verschiedener Lebensentw\u00fcrfe ist.<\/p>\n<\/div>\n<\/div>\n\n\n\n<hr class=\"wp-block-separator has-alpha-channel-opacity\"\/>\n\n\n\n<h2 class=\"wp-block-heading\">Emanzipation &amp; Vernetzung<\/h2>\n\n\n\n<h4 class=\"wp-block-heading\">Empowerment gegen Landflucht<\/h4>\n\n\n\n<div class=\"wp-block-columns is-layout-flex wp-container-core-columns-is-layout-9d6595d7 wp-block-columns-is-layout-flex\">\n<div class=\"wp-block-column is-layout-flow wp-block-column-is-layout-flow\" style=\"flex-basis:66.66%\">\n<p>Als wir das erste Mal auf Tour gingen, wollten wir eigentlich \u201enur\u201c das strukturelle Defizit an LSBTIQ-Angeboten in Brandenburg ausgleichen. Es ging um das was wir auch bei bei AndersARTiG gut k\u00f6nnen, n\u00e4mlich LSBTIQ-Menschen stark zu machen und erst einmal \u00fcberhaupt ein Angebot zu schaffen. Recht schnell wurde klar, da\u00df das allein nicht zum Erfolg f\u00fchrt, denn ganz h\u00e4ufig traute sich niemand auf mehr als 20 Meter an unsere St\u00e4nde. Inzwischen ist das anders. Mithilfe lokaler LSBTIQ-Gruppen organisieren wir w\u00e4hrend der Tour auch Filmabende und Coming-Out-Beratung f\u00fcr Jugendliche aus der jeweiligen Region und h\u00e4ufig werden wir von den St\u00e4dten und Gemeinden unterst\u00fctzt. Dies kann zwar ein dauerhaftes Angebot f\u00fcr&nbsp;Lesben, Schwule, Bisexuelle trans*, inter* und queere Menschen nicht ersetzen, sorgt aber f\u00fcr Motivation unter diesen LSBTIQ-Menschen, die sich ernst genommen f\u00fchlen und die wir auch darin unterst\u00fctzen eigene Gruppen und Initiativen in ihrer Region zu gr\u00fcnden. Dies ist besonders deshalb wichtig und unterst\u00fctzenswert, weil es die Landflucht nach Berlin abmildert, die immer noch Realit\u00e4t ist, weil die Angebots- und Hilfestrukturen f\u00fcr LSBTIQ-Menschen unzureichend sind.<\/p>\n<\/div>\n\n\n\n<div class=\"wp-block-column is-layout-flow wp-block-column-is-layout-flow\" style=\"flex-basis:33.33%\">\n<figure class=\"wp-block-image size-full\"><img decoding=\"async\" width=\"947\" height=\"1263\" src=\"https:\/\/www.brandenburg-bleibt-bunt.de\/wp-content\/uploads\/2023\/08\/Bild-55.jpg\" alt=\"\" class=\"wp-image-337\" style=\"aspect-ratio:3\/4;object-fit:contain\" srcset=\"https:\/\/www.brandenburg-bleibt-bunt.de\/wp-content\/uploads\/2023\/08\/Bild-55.jpg 947w, https:\/\/www.brandenburg-bleibt-bunt.de\/wp-content\/uploads\/2023\/08\/Bild-55-225x300.jpg 225w, https:\/\/www.brandenburg-bleibt-bunt.de\/wp-content\/uploads\/2023\/08\/Bild-55-768x1024.jpg 768w\" sizes=\"(max-width: 947px) 100vw, 947px\" \/><\/figure>\n<\/div>\n<\/div>\n\n\n\n<hr class=\"wp-block-separator has-alpha-channel-opacity\"\/>\n\n\n\n<h2 class=\"wp-block-heading\">Beratung und Qualifizierung<\/h2>\n\n\n\n<h4 class=\"wp-block-heading\">Information, Aufkl\u00e4rung und Sensibilisierung auf der Tour<\/h4>\n\n\n\n<div class=\"wp-block-columns is-layout-flex wp-container-core-columns-is-layout-9d6595d7 wp-block-columns-is-layout-flex\">\n<div class=\"wp-block-column is-layout-flow wp-block-column-is-layout-flow\" style=\"flex-basis:33.33%\">\n<figure class=\"wp-block-image size-full\"><img decoding=\"async\" width=\"1436\" height=\"2560\" src=\"https:\/\/www.brandenburg-bleibt-bunt.de\/wp-content\/uploads\/2023\/08\/DSC7049-scaled.jpg\" alt=\"\" class=\"wp-image-338\" style=\"aspect-ratio:3\/4;object-fit:cover\" srcset=\"https:\/\/www.brandenburg-bleibt-bunt.de\/wp-content\/uploads\/2023\/08\/DSC7049-scaled.jpg 1436w, https:\/\/www.brandenburg-bleibt-bunt.de\/wp-content\/uploads\/2023\/08\/DSC7049-168x300.jpg 168w, https:\/\/www.brandenburg-bleibt-bunt.de\/wp-content\/uploads\/2023\/08\/DSC7049-575x1024.jpg 575w, https:\/\/www.brandenburg-bleibt-bunt.de\/wp-content\/uploads\/2023\/08\/DSC7049-768x1369.jpg 768w, https:\/\/www.brandenburg-bleibt-bunt.de\/wp-content\/uploads\/2023\/08\/DSC7049-862x1536.jpg 862w, https:\/\/www.brandenburg-bleibt-bunt.de\/wp-content\/uploads\/2023\/08\/DSC7049-1149x2048.jpg 1149w\" sizes=\"(max-width: 1436px) 100vw, 1436px\" \/><\/figure>\n<\/div>\n\n\n\n<div class=\"wp-block-column is-layout-flow wp-block-column-is-layout-flow\" style=\"flex-basis:66.66%\">\n<p>F\u00fcr die&nbsp;Ehrenamtlichen im Tourteam, ist es ab und zu herausfordernd, wie grundlegend z.T. Aufkl\u00e4rungsarbeit sein kann. Ganz h\u00e4ufig arbeiten wir Schulklassen oder Jugendclubs in denen zum ersten Mal  \u00fcber sexuelle und geschlechtliche Vielfalt gesprochen wird und in denen das durch die Medien verbreitete Zerrbild von LSBTIQ-Menschen in der Regel vorherrscht. Auch in Erziehungs- und Familienberatungsstellen, sowie \u00c4mtern ist das theoretische Grundwissen \u00fcber die Lebenssituation von LSBTIQ-Menschen manchmal \u00e4u\u00dferst gering, teilweise auch gar nicht vorhanden. H\u00e4ufig ist das bereits im Vorfeld zu erkennen. Ist jedoch die Scheu vor der Auseinandersetzung \u00fcberwunden, sind die Ergebnisse unserer Workshops meist sehr zufriedenstellend. Auch P\u00e4dagog_innen und Beamt_innen haben Ber\u00fchrungs\u00e4ngste, die es abzubauen gilt und h\u00e4ufig empfinden sowohl die Jugendlichen in Schulen und Clubs, wie auch Fachkr\u00e4fte es als Zugewinn und Souver\u00e4nit\u00e4t, sich im Thema auszukennen. Unsere Workshops sind so angelegt, da\u00df sie die verschiedenen sexuellen Orientierungen gleichberechtigt darstellen. Differenziert stellen wir dar, was beim Coming-Out mit dem&nbsp;Menschen passiert, warum Eltern ihr eigenes Coming-Out haben, was beste Freund_innen und P\u00e4dagog_innen tun k\u00f6nnen, um diesen Proze\u00df zu unterst\u00fctzen, wohin sich Jugendliche, wie Erwachsene bei Fragen oder \u00c4ngsten wenden k\u00f6nnen. Dies ist neben der \u00d6ffentlichkeitsarbeit das Herzst\u00fcck unserer LesBI*Schwulen Tour.<\/p>\n<\/div>\n<\/div>\n\n\n\n<hr class=\"wp-block-separator has-alpha-channel-opacity\"\/>\n\n\n\n<h2 class=\"wp-block-heading\">Politik und \u00d6ffentlichkeit auf der Tour<\/h2>\n\n\n\n<h4 class=\"wp-block-heading\">Br\u00fcckenkopf zur Gesellschaft<\/h4>\n\n\n\n<div class=\"wp-block-columns is-layout-flex wp-container-core-columns-is-layout-9d6595d7 wp-block-columns-is-layout-flex\">\n<div class=\"wp-block-column is-layout-flow wp-block-column-is-layout-flow\" style=\"flex-basis:66.66%\">\n<p>Zweifelsohne hat die LesBI*Schwule T*our bisher die Meinung zu Lesben, Schwulen, Bisexuellen, trans*, inter* und queeren Menschen im Land Brandenburg positiv beeinflu\u00dft. Die Tour steht seit einigen Jahren unter der Schirmherrschaft der Ministerin f\u00fcr Arbeit, Soziales, Gesundheit Frauen und Familie des Landes Brandenburg und wird auch aus dem&nbsp;Ministerium gef\u00f6rdert. Viele Projekte, nicht nur f\u00fcr Jugendliche, sondern f\u00fcr alle im Land lebenden LSBTIQ-Menschen sind im Windschatten der LesBI*Schwulen T*our entstanden. Dabei haben wir auch die Unterst\u00fctzung der regionalen und \u00fcberregionalen Presse, die jedes Jahr aufs neue \u00fcber uns und unsere Kooperationpartner auf der LesBI*Schwulen T*our berichtet und so die Botschaften von Vielfalt und Akzeptanz in die Bev\u00f6lkerung tr\u00e4gt. Dies ist vor allem f\u00fcr die Menschen wichtig, die vielleicht nicht den Mut haben an einen unserer Informationsst\u00e4nde oder zu einer unserer Veranstaltungen zu kommen. Die \u00d6ffentlichkeitsarbeit ist damit ein zweites wichtiges Standbein.<\/p>\n<\/div>\n\n\n\n<div class=\"wp-block-column is-layout-flow wp-block-column-is-layout-flow\" style=\"flex-basis:33.33%\">\n<figure class=\"wp-block-image size-full\"><img loading=\"lazy\" decoding=\"async\" width=\"700\" height=\"933\" src=\"https:\/\/www.brandenburg-bleibt-bunt.de\/wp-content\/uploads\/2023\/03\/Tour-18.jpg\" alt=\"\" class=\"wp-image-55\" style=\"aspect-ratio:3\/4;object-fit:contain\" srcset=\"https:\/\/www.brandenburg-bleibt-bunt.de\/wp-content\/uploads\/2023\/03\/Tour-18.jpg 700w, https:\/\/www.brandenburg-bleibt-bunt.de\/wp-content\/uploads\/2023\/03\/Tour-18-225x300.jpg 225w, https:\/\/www.brandenburg-bleibt-bunt.de\/wp-content\/uploads\/2023\/03\/Tour-18-600x800.jpg 600w\" sizes=\"(max-width: 700px) 100vw, 700px\" \/><\/figure>\n<\/div>\n<\/div>\n\n\n\n<hr class=\"wp-block-separator has-alpha-channel-opacity\"\/>\n","protected":false},"excerpt":{"rendered":"<p>Kernaufgaben der LesBI*Schwulen T*our Sichtbarkeit Die Regenbogenflagge \u2013 Ein Zeichen f\u00fcr Vielfalt und St\u00e4rke Zu einer guten Tradition ist es geworden, da\u00df wir auf unserer Tour in jeder Stadt, die wir ansteuern, die Regenbogenflagge hissen. Sie ist das Erkennungszeichen f\u00fcr Lesben, Schwule, Bisexuelle, Trans*, Inter und Queere Menschen in aller Welt und verhei\u00dft Vielfalt und [&hellip;]<\/p>\n","protected":false},"author":2,"featured_media":0,"parent":108,"menu_order":0,"comment_status":"closed","ping_status":"closed","template":"","meta":{"ocean_post_layout":"","ocean_both_sidebars_style":"","ocean_both_sidebars_content_width":0,"ocean_both_sidebars_sidebars_width":0,"ocean_sidebar":"0","ocean_second_sidebar":"0","ocean_disable_margins":"enable","ocean_add_body_class":"","ocean_shortcode_before_top_bar":"","ocean_shortcode_after_top_bar":"","ocean_shortcode_before_header":"","ocean_shortcode_after_header":"","ocean_has_shortcode":"","ocean_shortcode_after_title":"","ocean_shortcode_before_footer_widgets":"","ocean_shortcode_after_footer_widgets":"","ocean_shortcode_before_footer_bottom":"","ocean_shortcode_after_footer_bottom":"","ocean_display_top_bar":"default","ocean_display_header":"default","ocean_header_style":"","ocean_center_header_left_menu":"0","ocean_custom_header_template":"0","ocean_custom_logo":0,"ocean_custom_retina_logo":0,"ocean_custom_logo_max_width":0,"ocean_custom_logo_tablet_max_width":0,"ocean_custom_logo_mobile_max_width":0,"ocean_custom_logo_max_height":0,"ocean_custom_logo_tablet_max_height":0,"ocean_custom_logo_mobile_max_height":0,"ocean_header_custom_menu":"0","ocean_menu_typo_font_family":"0","ocean_menu_typo_font_subset":"","ocean_menu_typo_font_size":0,"ocean_menu_typo_font_size_tablet":0,"ocean_menu_typo_font_size_mobile":0,"ocean_menu_typo_font_size_unit":"px","ocean_menu_typo_font_weight":"","ocean_menu_typo_font_weight_tablet":"","ocean_menu_typo_font_weight_mobile":"","ocean_menu_typo_transform":"","ocean_menu_typo_transform_tablet":"","ocean_menu_typo_transform_mobile":"","ocean_menu_typo_line_height":0,"ocean_menu_typo_line_height_tablet":0,"ocean_menu_typo_line_height_mobile":0,"ocean_menu_typo_line_height_unit":"","ocean_menu_typo_spacing":0,"ocean_menu_typo_spacing_tablet":0,"ocean_menu_typo_spacing_mobile":0,"ocean_menu_typo_spacing_unit":"","ocean_menu_link_color":"","ocean_menu_link_color_hover":"","ocean_menu_link_color_active":"","ocean_menu_link_background":"","ocean_menu_link_hover_background":"","ocean_menu_link_active_background":"","ocean_menu_social_links_bg":"","ocean_menu_social_hover_links_bg":"","ocean_menu_social_links_color":"","ocean_menu_social_hover_links_color":"","ocean_disable_title":"default","ocean_disable_heading":"default","ocean_post_title":"","ocean_post_subheading":"","ocean_post_title_style":"","ocean_post_title_background_color":"","ocean_post_title_background":0,"ocean_post_title_bg_image_position":"","ocean_post_title_bg_image_attachment":"","ocean_post_title_bg_image_repeat":"","ocean_post_title_bg_image_size":"","ocean_post_title_height":0,"ocean_post_title_bg_overlay":0.5,"ocean_post_title_bg_overlay_color":"","ocean_disable_breadcrumbs":"default","ocean_breadcrumbs_color":"","ocean_breadcrumbs_separator_color":"","ocean_breadcrumbs_links_color":"","ocean_breadcrumbs_links_hover_color":"","ocean_display_footer_widgets":"default","ocean_display_footer_bottom":"default","ocean_custom_footer_template":"0","footnotes":""},"class_list":["post-46","page","type-page","status-publish","hentry","entry"],"jetpack_sharing_enabled":true,"_links":{"self":[{"href":"https:\/\/www.brandenburg-bleibt-bunt.de\/index.php?rest_route=\/wp\/v2\/pages\/46","targetHints":{"allow":["GET"]}}],"collection":[{"href":"https:\/\/www.brandenburg-bleibt-bunt.de\/index.php?rest_route=\/wp\/v2\/pages"}],"about":[{"href":"https:\/\/www.brandenburg-bleibt-bunt.de\/index.php?rest_route=\/wp\/v2\/types\/page"}],"author":[{"embeddable":true,"href":"https:\/\/www.brandenburg-bleibt-bunt.de\/index.php?rest_route=\/wp\/v2\/users\/2"}],"replies":[{"embeddable":true,"href":"https:\/\/www.brandenburg-bleibt-bunt.de\/index.php?rest_route=%2Fwp%2Fv2%2Fcomments&post=46"}],"version-history":[{"count":13,"href":"https:\/\/www.brandenburg-bleibt-bunt.de\/index.php?rest_route=\/wp\/v2\/pages\/46\/revisions"}],"predecessor-version":[{"id":369,"href":"https:\/\/www.brandenburg-bleibt-bunt.de\/index.php?rest_route=\/wp\/v2\/pages\/46\/revisions\/369"}],"up":[{"embeddable":true,"href":"https:\/\/www.brandenburg-bleibt-bunt.de\/index.php?rest_route=\/wp\/v2\/pages\/108"}],"wp:attachment":[{"href":"https:\/\/www.brandenburg-bleibt-bunt.de\/index.php?rest_route=%2Fwp%2Fv2%2Fmedia&parent=46"}],"curies":[{"name":"wp","href":"https:\/\/api.w.org\/{rel}","templated":true}]}}