{"id":861,"date":"2025-06-15T18:28:05","date_gmt":"2025-06-15T16:28:05","guid":{"rendered":"https:\/\/www.brandenburg-bleibt-bunt.de\/?page_id=861"},"modified":"2026-04-02T19:18:48","modified_gmt":"2026-04-02T17:18:48","slug":"beratungsangebote","status":"publish","type":"page","link":"https:\/\/www.brandenburg-bleibt-bunt.de\/?page_id=861","title":{"rendered":"Beratungsangebote"},"content":{"rendered":"\t\t<div data-elementor-type=\"wp-page\" data-elementor-id=\"861\" class=\"elementor elementor-861\" data-elementor-post-type=\"page\">\n\t\t\t\t\t\t<section class=\"elementor-section elementor-top-section elementor-element elementor-element-e4eda17 elementor-section-full_width elementor-section-height-default elementor-section-height-default\" data-id=\"e4eda17\" data-element_type=\"section\" data-e-type=\"section\">\n\t\t\t\t\t\t<div class=\"elementor-container elementor-column-gap-default\">\n\t\t\t\t\t<div class=\"elementor-column elementor-col-100 elementor-top-column elementor-element elementor-element-9f68562\" data-id=\"9f68562\" data-element_type=\"column\" data-e-type=\"column\">\n\t\t\t<div class=\"elementor-widget-wrap elementor-element-populated\">\n\t\t\t\t\t\t<div class=\"elementor-element elementor-element-0f71b0a elementor-widget elementor-widget-heading\" data-id=\"0f71b0a\" data-element_type=\"widget\" data-e-type=\"widget\" data-widget_type=\"heading.default\">\n\t\t\t\t<div class=\"elementor-widget-container\">\n\t\t\t\t\t<h2 class=\"elementor-heading-title elementor-size-default\">Angebote f\u00fcr Beratungsstellen<\/h2>\t\t\t\t<\/div>\n\t\t\t\t<\/div>\n\t\t\t\t\t<\/div>\n\t\t<\/div>\n\t\t\t\t\t<\/div>\n\t\t<\/section>\n\t\t\t\t<section class=\"elementor-section elementor-top-section elementor-element elementor-element-e9e2bdd elementor-section-full_width elementor-section-height-default elementor-section-height-default\" data-id=\"e9e2bdd\" data-element_type=\"section\" data-e-type=\"section\">\n\t\t\t\t\t\t<div class=\"elementor-container elementor-column-gap-default\">\n\t\t\t\t\t<div class=\"elementor-column elementor-col-66 elementor-top-column elementor-element elementor-element-0dd66eb\" data-id=\"0dd66eb\" data-element_type=\"column\" data-e-type=\"column\">\n\t\t\t<div class=\"elementor-widget-wrap elementor-element-populated\">\n\t\t\t\t\t\t<div class=\"elementor-element elementor-element-337a392 elementor-widget elementor-widget-text-editor\" data-id=\"337a392\" data-element_type=\"widget\" data-e-type=\"widget\" data-widget_type=\"text-editor.default\">\n\t\t\t\t<div class=\"elementor-widget-container\">\n\t\t\t\t\t\t\t\t\t<p><span class=\"TextRun SCXW123352442 BCX8\" lang=\"DE-DE\" xml:lang=\"DE-DE\" data-contrast=\"auto\"><span class=\"NormalTextRun SCXW123352442 BCX8\">Das T<\/span><span class=\"NormalTextRun SCXW123352442 BCX8\">eam der <\/span><span class=\"NormalTextRun SpellingErrorV2Themed SCXW123352442 BCX8\">LesBI<\/span><span class=\"NormalTextRun SCXW123352442 BCX8\">*Schwulen T*<\/span><span class=\"NormalTextRun SpellingErrorV2Themed SCXW123352442 BCX8\">our<\/span> <span class=\"NormalTextRun SCXW123352442 BCX8\">bietet<\/span> <span class=\"NormalTextRun SCXW123352442 BCX8\">im Tourzeitraum <\/span><\/span><span class=\"TextRun SCXW123352442 BCX8\" lang=\"DE-DE\" xml:lang=\"DE-DE\" data-contrast=\"auto\"><span class=\"NormalTextRun SCXW123352442 BCX8\">verschiedene <span class=\"NormalTextRun SCXW61886122 BCX8\" data-ccp-charstyle=\"Emphasis\">Veranstaltungen<\/span><span class=\"NormalTextRun SCXW61886122 BCX8\" data-ccp-charstyle=\"Emphasis\"> im Bereich der Antidiskriminierungs<\/span><span class=\"NormalTextRun SCXW61886122 BCX8\" data-ccp-charstyle=\"Emphasis\">&#8211; und <\/span><span class=\"NormalTextRun SpellingErrorV2Themed SCXW61886122 BCX8\" data-ccp-charstyle=\"Emphasis\">Empowermentarbeit<\/span><span class=\"NormalTextRun SCXW61886122 BCX8\" data-ccp-charstyle=\"Emphasis\"> im Schwerpunkt sexuelle Orientierung \/ geschlechtliche Identit\u00e4t an.<\/span>\u00a0<\/span><\/span><\/p><p>Wir w\u00fcrden gerne mit Ihnen in Kooperation treten und in Ihrer Einrichtung kostenlose Einzelberatungen anbieten, einen Raum zum Austausch f\u00fcr queere Menschen bieten und\/oder kostenlose Schulungen f\u00fcr Ihr eigenes Beratungsteam geben.<\/p>\t\t\t\t\t\t\t\t<\/div>\n\t\t\t\t<\/div>\n\t\t\t\t\t<\/div>\n\t\t<\/div>\n\t\t\t\t<div class=\"elementor-column elementor-col-33 elementor-top-column elementor-element elementor-element-87d1102\" data-id=\"87d1102\" data-element_type=\"column\" data-e-type=\"column\">\n\t\t\t<div class=\"elementor-widget-wrap elementor-element-populated\">\n\t\t\t\t\t\t<div class=\"elementor-element elementor-element-dcdf1fe elementor-widget elementor-widget-image\" data-id=\"dcdf1fe\" data-element_type=\"widget\" data-e-type=\"widget\" data-widget_type=\"image.default\">\n\t\t\t\t<div class=\"elementor-widget-container\">\n\t\t\t\t\t\t\t\t\t\t\t\t\t\t\t<img fetchpriority=\"high\" decoding=\"async\" width=\"500\" height=\"500\" src=\"https:\/\/www.brandenburg-bleibt-bunt.de\/wp-content\/uploads\/2023\/08\/Logo-kompakt.png\" class=\"attachment-large size-large wp-image-390\" alt=\"\" srcset=\"https:\/\/www.brandenburg-bleibt-bunt.de\/wp-content\/uploads\/2023\/08\/Logo-kompakt.png 500w, https:\/\/www.brandenburg-bleibt-bunt.de\/wp-content\/uploads\/2023\/08\/Logo-kompakt-300x300.png 300w, https:\/\/www.brandenburg-bleibt-bunt.de\/wp-content\/uploads\/2023\/08\/Logo-kompakt-150x150.png 150w\" sizes=\"(max-width: 500px) 100vw, 500px\" \/>\t\t\t\t\t\t\t\t\t\t\t\t\t\t\t<\/div>\n\t\t\t\t<\/div>\n\t\t\t\t\t<\/div>\n\t\t<\/div>\n\t\t\t\t\t<\/div>\n\t\t<\/section>\n\t\t\t\t<section class=\"elementor-section elementor-top-section elementor-element elementor-element-6bb7774 elementor-section-boxed elementor-section-height-default elementor-section-height-default\" data-id=\"6bb7774\" data-element_type=\"section\" data-e-type=\"section\">\n\t\t\t\t\t\t<div class=\"elementor-container elementor-column-gap-default\">\n\t\t\t\t\t<div class=\"elementor-column elementor-col-100 elementor-top-column elementor-element elementor-element-92a74bd\" data-id=\"92a74bd\" data-element_type=\"column\" data-e-type=\"column\">\n\t\t\t<div class=\"elementor-widget-wrap elementor-element-populated\">\n\t\t\t\t\t\t<div class=\"elementor-element elementor-element-079ba04 elementor-widget elementor-widget-text-editor\" data-id=\"079ba04\" data-element_type=\"widget\" data-e-type=\"widget\" data-widget_type=\"text-editor.default\">\n\t\t\t\t<div class=\"elementor-widget-container\">\n\t\t\t\t\t\t\t\t\t<p><strong>Hinweis:<\/strong><br \/>Wenn du auf der Suche nach einer Beratung bist, vereinbare gerne einen Termin \u00fcber unsere Website: <a href=\"https:\/\/andersartig.info\/beratung-fur-lsbtiq-menschen\/\">www.andersartig.info\/beratung-fur-lsbtiq-menschen<\/a><\/p>\t\t\t\t\t\t\t\t<\/div>\n\t\t\t\t<\/div>\n\t\t\t\t\t<\/div>\n\t\t<\/div>\n\t\t\t\t\t<\/div>\n\t\t<\/section>\n\t\t\t\t<section class=\"elementor-section elementor-top-section elementor-element elementor-element-9f7e0f1 elementor-section-full_width elementor-section-height-default elementor-section-height-default\" data-id=\"9f7e0f1\" data-element_type=\"section\" data-e-type=\"section\">\n\t\t\t\t\t\t<div class=\"elementor-container elementor-column-gap-default\">\n\t\t\t\t\t<div class=\"elementor-column elementor-col-100 elementor-top-column elementor-element elementor-element-0190a09\" data-id=\"0190a09\" data-element_type=\"column\" data-e-type=\"column\">\n\t\t\t<div class=\"elementor-widget-wrap elementor-element-populated\">\n\t\t\t\t\t\t<div class=\"elementor-element elementor-element-6e337d1 elementor-widget elementor-widget-spacer\" data-id=\"6e337d1\" data-element_type=\"widget\" data-e-type=\"widget\" data-widget_type=\"spacer.default\">\n\t\t\t\t<div class=\"elementor-widget-container\">\n\t\t\t\t\t\t\t<div class=\"elementor-spacer\">\n\t\t\t<div class=\"elementor-spacer-inner\"><\/div>\n\t\t<\/div>\n\t\t\t\t\t\t<\/div>\n\t\t\t\t<\/div>\n\t\t\t\t<div class=\"elementor-element elementor-element-3f194af elementor-widget elementor-widget-text-editor\" data-id=\"3f194af\" data-element_type=\"widget\" data-e-type=\"widget\" data-widget_type=\"text-editor.default\">\n\t\t\t\t<div class=\"elementor-widget-container\">\n\t\t\t\t\t\t\t\t\t<div>Diskriminierung aufgrund der sexuellen Orientierung oder geschlechtlichen Identit\u00e4t geh\u00f6ren zu den Hauptbelastungen von queeren Menschen. Obwohl die Verfassung des Landes Brandenburg und auch das Brandenburger Schulgesetz klare die Ausgrenzung und Diskriminierung aufgrund dieser Merkmale verbieten, zeigt sich in der Realit\u00e4t an Schulen, in Jugendeinrichtungen und im allt\u00e4glichen Miteinander, da\u00df diese Grunds\u00e4tze nur sehr langsam im Alltag ankommen. In der T*ourwoche kommen wir auf Markpl\u00e4tzen, in Jugendclubs, \u00c4mtern und Beratungsstellen mit vielen Menschen in Kontakt und ins Gespr\u00e4ch. Im Vordergrund steht dabei die Aufkl\u00e4rung \u00fcber lesbische, schwule, bisexuelle trans*, inter* und queere (LSBTIQ*) Lebensweisen, aber auch das Unterst\u00fctzen und Best\u00e4rken von queeren Menschen vor Ort. Unser Ziel ist es, damit zum Abbau von Gewalt, Diskriminierung und Ausgrenzung beizutragen und somit einen offenen und respektvollen Umgang aller Menschen zu f\u00f6rdern.\u00a0<\/div><div>\u00a0<\/div><div>Im Regenbogenkombinat in Potsdam bieten wir regelm\u00e4\u00dfig professionelle Beratung f\u00fcr Menschen an, die Fragen zu Sexueller Orientierung, Liebe, Geschlechtsidentit\u00e4t, (Mehrfach-)Diskriminierung und\/oder Coming-Out haben.<\/div><div>Es ist uns ein Anliegen, Beratungsangeboten zu diesen Themen auch in anderen Regionen Brandenburgs zug\u00e4nglich zu machen. Darum w\u00fcrden wir gerne die Chance nutzen in Kooperation mit Ihrer Einrichtung im Rahmen der T*ourwoche, kostenlose Einzelberatungen anzubieten. Unser Team besteht aus geschulten, meist ehrenamtlichen Berater*innen.\u00a0<br \/>Unabh\u00e4ngig von diesem Beratungsangebot wollen wir einen Raum bieten, in dem queere Menschen auch einfach vorbeikommen, sich mit uns austauschen und sich untereinander vernetzen k\u00f6nnen \u2013 auch ohne konkrete Fragen oder Probleme zu thematisieren.\u00a0<\/div><div>\u00a0<\/div><p>Zudem m\u00f6chten wir Ihnen anbieten, eine ebenfalls kostenlose Schulung f\u00fcr Ihr eigenes Beratungsteam bei uns zu buchen. Wir unterst\u00fctzen Sie gern dabei, Ihre Kompetenzen in diesem Themenfeld zu erweitern und einen Raum f\u00fcr den Austausch zu fachspezifische Fragen zu erhalten.\u00a0<\/p>\t\t\t\t\t\t\t\t<\/div>\n\t\t\t\t<\/div>\n\t\t\t\t\t<\/div>\n\t\t<\/div>\n\t\t\t\t\t<\/div>\n\t\t<\/section>\n\t\t\t\t<section class=\"elementor-section elementor-top-section elementor-element elementor-element-c4c2b3d elementor-section-full_width elementor-section-height-default elementor-section-height-default\" data-id=\"c4c2b3d\" data-element_type=\"section\" data-e-type=\"section\">\n\t\t\t\t\t\t<div class=\"elementor-container elementor-column-gap-default\">\n\t\t\t\t\t<div class=\"elementor-column elementor-col-100 elementor-top-column elementor-element elementor-element-db0014e\" data-id=\"db0014e\" data-element_type=\"column\" data-e-type=\"column\">\n\t\t\t<div class=\"elementor-widget-wrap elementor-element-populated\">\n\t\t\t\t\t\t<div class=\"elementor-element elementor-element-b38e573 elementor-widget elementor-widget-spacer\" data-id=\"b38e573\" data-element_type=\"widget\" data-e-type=\"widget\" data-widget_type=\"spacer.default\">\n\t\t\t\t<div class=\"elementor-widget-container\">\n\t\t\t\t\t\t\t<div class=\"elementor-spacer\">\n\t\t\t<div class=\"elementor-spacer-inner\"><\/div>\n\t\t<\/div>\n\t\t\t\t\t\t<\/div>\n\t\t\t\t<\/div>\n\t\t\t\t<div class=\"elementor-element elementor-element-43e7b9c elementor-widget elementor-widget-heading\" data-id=\"43e7b9c\" data-element_type=\"widget\" data-e-type=\"widget\" data-widget_type=\"heading.default\">\n\t\t\t\t<div class=\"elementor-widget-container\">\n\t\t\t\t\t<div class=\"elementor-heading-title elementor-size-default\">Ja, ich\/wir sind an einem gemeinsamen Angebot interessiert:<\/div>\t\t\t\t<\/div>\n\t\t\t\t<\/div>\n\t\t\t\t\t<\/div>\n\t\t<\/div>\n\t\t\t\t\t<\/div>\n\t\t<\/section>\n\t\t\t\t<section class=\"elementor-section elementor-top-section elementor-element elementor-element-faf41e8 elementor-section-full_width elementor-section-height-default elementor-section-height-default\" data-id=\"faf41e8\" data-element_type=\"section\" data-e-type=\"section\">\n\t\t\t\t\t\t<div class=\"elementor-container elementor-column-gap-default\">\n\t\t\t\t\t<div class=\"elementor-column elementor-col-100 elementor-top-column elementor-element elementor-element-48c9ff8\" data-id=\"48c9ff8\" data-element_type=\"column\" data-e-type=\"column\">\n\t\t\t<div class=\"elementor-widget-wrap elementor-element-populated\">\n\t\t\t\t\t\t<div class=\"elementor-element elementor-element-9952751 elementor-button-align-center elementor-widget elementor-widget-form\" data-id=\"9952751\" data-element_type=\"widget\" data-e-type=\"widget\" data-settings=\"{&quot;step_next_label&quot;:&quot;Next&quot;,&quot;step_previous_label&quot;:&quot;Previous&quot;,&quot;button_width&quot;:&quot;100&quot;,&quot;step_type&quot;:&quot;number_text&quot;,&quot;step_icon_shape&quot;:&quot;circle&quot;}\" data-widget_type=\"form.default\">\n\t\t\t\t<div class=\"elementor-widget-container\">\n\t\t\t\t\t\t\t<form class=\"elementor-form\" method=\"post\" name=\"R\u00fcckmeldung f\u00fcr Veranstalungen im Rahmen der LesBI*Schwule T*our 2025\" aria-label=\"R\u00fcckmeldung f\u00fcr Veranstalungen im Rahmen der LesBI*Schwule T*our 2025\">\n\t\t\t<input type=\"hidden\" name=\"post_id\" value=\"861\"\/>\n\t\t\t<input type=\"hidden\" name=\"form_id\" value=\"9952751\"\/>\n\t\t\t<input type=\"hidden\" name=\"referer_title\" value=\"\" \/>\n\n\t\t\t\n\t\t\t<div class=\"elementor-form-fields-wrapper elementor-labels-above\">\n\t\t\t\t\t\t\t\t<div class=\"elementor-field-type-text elementor-field-group elementor-column elementor-field-group-einrichtung elementor-col-100 elementor-field-required elementor-mark-required\">\n\t\t\t\t\t\t\t\t\t\t\t\t<label for=\"form-field-einrichtung\" class=\"elementor-field-label\">\n\t\t\t\t\t\t\t\tName der Einrichtung:\t\t\t\t\t\t\t<\/label>\n\t\t\t\t\t\t\t\t\t\t\t\t\t\t<input size=\"1\" type=\"text\" name=\"form_fields[einrichtung]\" id=\"form-field-einrichtung\" class=\"elementor-field elementor-size-sm  elementor-field-textual\" placeholder=\"Name der Einrichtung\" required=\"required\">\n\t\t\t\t\t\t\t\t\t\t\t<\/div>\n\t\t\t\t\t\t\t\t<div class=\"elementor-field-type-textarea elementor-field-group elementor-column elementor-field-group-adresse elementor-col-100 elementor-field-required elementor-mark-required\">\n\t\t\t\t\t\t\t\t\t\t\t\t<label for=\"form-field-adresse\" class=\"elementor-field-label\">\n\t\t\t\t\t\t\t\tAdresse der Einrichtung:\t\t\t\t\t\t\t<\/label>\n\t\t\t\t\t\t<textarea class=\"elementor-field-textual elementor-field  elementor-size-sm\" name=\"form_fields[adresse]\" id=\"form-field-adresse\" rows=\"4\" placeholder=\"Adresse der Einrichtung\" required=\"required\"><\/textarea>\t\t\t\t<\/div>\n\t\t\t\t\t\t\t\t<div class=\"elementor-field-type-text elementor-field-group elementor-column elementor-field-group-field_ccd108b elementor-col-100 elementor-field-required elementor-mark-required\">\n\t\t\t\t\t\t\t\t\t\t\t\t<label for=\"form-field-field_ccd108b\" class=\"elementor-field-label\">\n\t\t\t\t\t\t\t\tAnsprechpartner*in:\t\t\t\t\t\t\t<\/label>\n\t\t\t\t\t\t\t\t\t\t\t\t\t\t<input size=\"1\" type=\"text\" name=\"form_fields[field_ccd108b]\" id=\"form-field-field_ccd108b\" class=\"elementor-field elementor-size-sm  elementor-field-textual\" placeholder=\"Name der*des Ansprechpartner*in\" required=\"required\">\n\t\t\t\t\t\t\t\t\t\t\t<\/div>\n\t\t\t\t\t\t\t\t<div class=\"elementor-field-type-tel elementor-field-group elementor-column elementor-field-group-field_645a44e elementor-col-50 elementor-field-required elementor-mark-required\">\n\t\t\t\t\t\t\t\t\t\t\t\t<label for=\"form-field-field_645a44e\" class=\"elementor-field-label\">\n\t\t\t\t\t\t\t\tTelefonnummer:\t\t\t\t\t\t\t<\/label>\n\t\t\t\t\t\t\t\t<input size=\"1\" type=\"tel\" name=\"form_fields[field_645a44e]\" id=\"form-field-field_645a44e\" class=\"elementor-field elementor-size-sm  elementor-field-textual\" placeholder=\"Telefonnummer\" required=\"required\" pattern=\"[0-9()#&amp;+*-=.]+\" title=\"Nur Nummern oder Telefon-Zeichen (#, -, *, etc) werden akzeptiert.\">\n\n\t\t\t\t\t\t<\/div>\n\t\t\t\t\t\t\t\t<div class=\"elementor-field-type-email elementor-field-group elementor-column elementor-field-group-field_3f6c56e elementor-col-50 elementor-field-required elementor-mark-required\">\n\t\t\t\t\t\t\t\t\t\t\t\t<label for=\"form-field-field_3f6c56e\" class=\"elementor-field-label\">\n\t\t\t\t\t\t\t\tE-Mail-Adresse:\t\t\t\t\t\t\t<\/label>\n\t\t\t\t\t\t\t\t\t\t\t\t\t\t<input size=\"1\" type=\"email\" name=\"form_fields[field_3f6c56e]\" id=\"form-field-field_3f6c56e\" class=\"elementor-field elementor-size-sm  elementor-field-textual\" placeholder=\"E-Mail\" required=\"required\">\n\t\t\t\t\t\t\t\t\t\t\t<\/div>\n\t\t\t\t\t\t\t\t<div class=\"elementor-field-type-date elementor-field-group elementor-column elementor-field-group-field_786b765 elementor-col-50 elementor-field-required elementor-mark-required\">\n\t\t\t\t\t\t\t\t\t\t\t\t<label for=\"form-field-field_786b765\" class=\"elementor-field-label\">\n\t\t\t\t\t\t\t\tGew\u00fcnschter Termin im Tourzeitraum:\t\t\t\t\t\t\t<\/label>\n\t\t\t\t\t\t\n\t\t<input type=\"date\" name=\"form_fields[field_786b765]\" id=\"form-field-field_786b765\" class=\"elementor-field elementor-size-sm  elementor-field-textual elementor-date-field elementor-use-native\" required=\"required\" pattern=\"[0-9]{4}-[0-9]{2}-[0-9]{2}\" min=\"2026-08-31\" max=\"2026-09-04\">\n\t\t\t\t\t\t<\/div>\n\t\t\t\t\t\t\t\t<div class=\"elementor-field-type-date elementor-field-group elementor-column elementor-field-group-field_22c3872 elementor-col-50\">\n\t\t\t\t\t\t\t\t\t\t\t\t<label for=\"form-field-field_22c3872\" class=\"elementor-field-label\">\n\t\t\t\t\t\t\t\tAlternativtermin:\t\t\t\t\t\t\t<\/label>\n\t\t\t\t\t\t\n\t\t<input type=\"date\" name=\"form_fields[field_22c3872]\" id=\"form-field-field_22c3872\" class=\"elementor-field elementor-size-sm  elementor-field-textual elementor-date-field elementor-use-native\" pattern=\"[0-9]{4}-[0-9]{2}-[0-9]{2}\" min=\"2026-08-31\" max=\"2026-09-04\">\n\t\t\t\t\t\t<\/div>\n\t\t\t\t\t\t\t\t<div class=\"elementor-field-type-number elementor-field-group elementor-column elementor-field-group-field_c23feb1 elementor-col-50 elementor-field-required elementor-mark-required\">\n\t\t\t\t\t\t\t\t\t\t\t\t<label for=\"form-field-field_c23feb1\" class=\"elementor-field-label\">\n\t\t\t\t\t\t\t\tAnzahl Teilnehmende:\t\t\t\t\t\t\t<\/label>\n\t\t\t\t\t\t\t\t\t<input type=\"number\" name=\"form_fields[field_c23feb1]\" id=\"form-field-field_c23feb1\" class=\"elementor-field elementor-size-sm  elementor-field-textual\" required=\"required\" min=\"0\" max=\"\" >\n\t\t\t\t\t\t<\/div>\n\t\t\t\t\t\t\t\t<div class=\"elementor-field-type-text elementor-field-group elementor-column elementor-field-group-field_8406757 elementor-col-50 elementor-field-required elementor-mark-required\">\n\t\t\t\t\t\t\t\t\t\t\t\t<label for=\"form-field-field_8406757\" class=\"elementor-field-label\">\n\t\t\t\t\t\t\t\tZeitlicher Rahmen:\t\t\t\t\t\t\t<\/label>\n\t\t\t\t\t\t\t\t\t\t\t\t\t\t<input size=\"1\" type=\"text\" name=\"form_fields[field_8406757]\" id=\"form-field-field_8406757\" class=\"elementor-field elementor-size-sm  elementor-field-textual\" required=\"required\">\n\t\t\t\t\t\t\t\t\t\t\t<\/div>\n\t\t\t\t\t\t\t\t<div class=\"elementor-field-type-acceptance elementor-field-group elementor-column elementor-field-group-werbung elementor-col-100\">\n\t\t\t\t\t\t\t\t\t\t\t\t<label for=\"form-field-werbung\" class=\"elementor-field-label\">\n\t\t\t\t\t\t\t\t \t\t\t\t\t\t\t<\/label>\n\t\t\t\t\t\t\t\t<div class=\"elementor-field-subgroup\">\n\t\t\t<span class=\"elementor-field-option\">\n\t\t\t\t<input type=\"checkbox\" name=\"form_fields[werbung]\" id=\"form-field-werbung\" class=\"elementor-field elementor-size-sm  elementor-acceptance-field\">\n\t\t\t\t<label for=\"form-field-werbung\">Das Angebot soll \u00fcber die Kan\u00e4le der LesBI*Schwulen T*our beworben werden<\/label>\t\t\t<\/span>\n\t\t<\/div>\n\t\t\t\t\t\t<\/div>\n\t\t\t\t\t\t\t\t<div class=\"elementor-field-type-textarea elementor-field-group elementor-column elementor-field-group-field_1320618 elementor-col-100\">\n\t\t\t\t\t\t\t\t\t\t\t\t<label for=\"form-field-field_1320618\" class=\"elementor-field-label\">\n\t\t\t\t\t\t\t\tWeitere Informationen \/ thematische Vorschl\u00e4ge:\t\t\t\t\t\t\t<\/label>\n\t\t\t\t\t\t<textarea class=\"elementor-field-textual elementor-field  elementor-size-sm\" name=\"form_fields[field_1320618]\" id=\"form-field-field_1320618\" rows=\"4\"><\/textarea>\t\t\t\t<\/div>\n\t\t\t\t\t\t\t\t<div class=\"elementor-field-group elementor-column elementor-field-type-submit elementor-col-100 e-form__buttons\">\n\t\t\t\t\t<button class=\"elementor-button elementor-size-md\" type=\"submit\">\n\t\t\t\t\t\t<span class=\"elementor-button-content-wrapper\">\n\t\t\t\t\t\t\t\t\t\t\t\t\t\t\t\t\t\t\t\t\t\t<span class=\"elementor-button-text\">Abschicken<\/span>\n\t\t\t\t\t\t\t\t\t\t\t\t\t<\/span>\n\t\t\t\t\t<\/button>\n\t\t\t\t<\/div>\n\t\t\t<\/div>\n\t\t<\/form>\n\t\t\t\t\t\t<\/div>\n\t\t\t\t<\/div>\n\t\t\t\t\t<\/div>\n\t\t<\/div>\n\t\t\t\t\t<\/div>\n\t\t<\/section>\n\t\t\t\t<\/div>\n\t\t","protected":false},"excerpt":{"rendered":"<p>Angebote f\u00fcr Beratungsstellen Das Team der LesBI*Schwulen T*our bietet im Tourzeitraum verschiedene Veranstaltungen im Bereich der Antidiskriminierungs- und Empowermentarbeit im Schwerpunkt sexuelle Orientierung \/ geschlechtliche Identit\u00e4t an.\u00a0 Wir w\u00fcrden gerne mit Ihnen in Kooperation treten und in Ihrer Einrichtung kostenlose Einzelberatungen anbieten, einen Raum zum Austausch f\u00fcr queere Menschen bieten und\/oder kostenlose Schulungen f\u00fcr Ihr [&hellip;]<\/p>\n","protected":false},"author":5,"featured_media":0,"parent":0,"menu_order":0,"comment_status":"closed","ping_status":"closed","template":"","meta":{"ocean_post_layout":"","ocean_both_sidebars_style":"","ocean_both_sidebars_content_width":0,"ocean_both_sidebars_sidebars_width":0,"ocean_sidebar":"","ocean_second_sidebar":"","ocean_disable_margins":"enable","ocean_add_body_class":"","ocean_shortcode_before_top_bar":"","ocean_shortcode_after_top_bar":"","ocean_shortcode_before_header":"","ocean_shortcode_after_header":"","ocean_has_shortcode":"","ocean_shortcode_after_title":"","ocean_shortcode_before_footer_widgets":"","ocean_shortcode_after_footer_widgets":"","ocean_shortcode_before_footer_bottom":"","ocean_shortcode_after_footer_bottom":"","ocean_display_top_bar":"default","ocean_display_header":"default","ocean_header_style":"","ocean_center_header_left_menu":"","ocean_custom_header_template":"","ocean_custom_logo":0,"ocean_custom_retina_logo":0,"ocean_custom_logo_max_width":0,"ocean_custom_logo_tablet_max_width":0,"ocean_custom_logo_mobile_max_width":0,"ocean_custom_logo_max_height":0,"ocean_custom_logo_tablet_max_height":0,"ocean_custom_logo_mobile_max_height":0,"ocean_header_custom_menu":"","ocean_menu_typo_font_family":"","ocean_menu_typo_font_subset":"","ocean_menu_typo_font_size":0,"ocean_menu_typo_font_size_tablet":0,"ocean_menu_typo_font_size_mobile":0,"ocean_menu_typo_font_size_unit":"px","ocean_menu_typo_font_weight":"","ocean_menu_typo_font_weight_tablet":"","ocean_menu_typo_font_weight_mobile":"","ocean_menu_typo_transform":"","ocean_menu_typo_transform_tablet":"","ocean_menu_typo_transform_mobile":"","ocean_menu_typo_line_height":0,"ocean_menu_typo_line_height_tablet":0,"ocean_menu_typo_line_height_mobile":0,"ocean_menu_typo_line_height_unit":"","ocean_menu_typo_spacing":0,"ocean_menu_typo_spacing_tablet":0,"ocean_menu_typo_spacing_mobile":0,"ocean_menu_typo_spacing_unit":"","ocean_menu_link_color":"","ocean_menu_link_color_hover":"","ocean_menu_link_color_active":"","ocean_menu_link_background":"","ocean_menu_link_hover_background":"","ocean_menu_link_active_background":"","ocean_menu_social_links_bg":"","ocean_menu_social_hover_links_bg":"","ocean_menu_social_links_color":"","ocean_menu_social_hover_links_color":"","ocean_disable_title":"default","ocean_disable_heading":"default","ocean_post_title":"","ocean_post_subheading":"","ocean_post_title_style":"","ocean_post_title_background_color":"","ocean_post_title_background":0,"ocean_post_title_bg_image_position":"","ocean_post_title_bg_image_attachment":"","ocean_post_title_bg_image_repeat":"","ocean_post_title_bg_image_size":"","ocean_post_title_height":0,"ocean_post_title_bg_overlay":0.5,"ocean_post_title_bg_overlay_color":"","ocean_disable_breadcrumbs":"default","ocean_breadcrumbs_color":"","ocean_breadcrumbs_separator_color":"","ocean_breadcrumbs_links_color":"","ocean_breadcrumbs_links_hover_color":"","ocean_display_footer_widgets":"default","ocean_display_footer_bottom":"default","ocean_custom_footer_template":"","footnotes":""},"class_list":["post-861","page","type-page","status-publish","hentry","entry"],"jetpack_sharing_enabled":true,"_links":{"self":[{"href":"https:\/\/www.brandenburg-bleibt-bunt.de\/index.php?rest_route=\/wp\/v2\/pages\/861","targetHints":{"allow":["GET"]}}],"collection":[{"href":"https:\/\/www.brandenburg-bleibt-bunt.de\/index.php?rest_route=\/wp\/v2\/pages"}],"about":[{"href":"https:\/\/www.brandenburg-bleibt-bunt.de\/index.php?rest_route=\/wp\/v2\/types\/page"}],"author":[{"embeddable":true,"href":"https:\/\/www.brandenburg-bleibt-bunt.de\/index.php?rest_route=\/wp\/v2\/users\/5"}],"replies":[{"embeddable":true,"href":"https:\/\/www.brandenburg-bleibt-bunt.de\/index.php?rest_route=%2Fwp%2Fv2%2Fcomments&post=861"}],"version-history":[{"count":25,"href":"https:\/\/www.brandenburg-bleibt-bunt.de\/index.php?rest_route=\/wp\/v2\/pages\/861\/revisions"}],"predecessor-version":[{"id":1168,"href":"https:\/\/www.brandenburg-bleibt-bunt.de\/index.php?rest_route=\/wp\/v2\/pages\/861\/revisions\/1168"}],"wp:attachment":[{"href":"https:\/\/www.brandenburg-bleibt-bunt.de\/index.php?rest_route=%2Fwp%2Fv2%2Fmedia&parent=861"}],"curies":[{"name":"wp","href":"https:\/\/api.w.org\/{rel}","templated":true}]}}